{"id":5554,"date":"2023-05-18T22:31:16","date_gmt":"2023-05-18T20:31:16","guid":{"rendered":"https:\/\/warsztatywitalne.pl\/?post_type=product&#038;p=5554"},"modified":"2023-09-11T09:32:34","modified_gmt":"2023-09-11T07:32:34","slug":"biznes-i-zdrowie-360","status":"publish","type":"product","link":"https:\/\/warsztatywitalne.pl\/index.php\/biznes-i-zdrowie-360\/","title":{"rendered":"Biznes i Zdrowie 360"},"content":{"rendered":"<h3>Biznes i zdrowie 360. Odkryj tajemnice sukcesu w bran\u017cy zdrowia i urody.<\/h3>\n<p>9. 30 \u2013 10.00 \u00a0\u2013 \u00a0Rejestracja i powitanie Uczestnik\u00f3w.<\/p>\n<p>10.00 \u2013 10.45 \u2013 4 Kroki do Zdrowia \u2013 skuteczna strategia na dobre<br \/>\nsamopoczucie i energi\u0119.<\/p>\n<p>10. 45 \u2013 11.30 \u2013 Nawodnienie kluczem do zdrowia. Rezultaty i<br \/>\nosobiste historie zastosowania systemu, kt\u00f3ry uczy<br \/>\njak by\u0107 zdrowym.<\/p>\n<p>11.30 \u2013 11.45 \u2013 Przerwa kawowa.<\/p>\n<p>11. 45 \u2013 12.30 \u2013 Nowoczesny marketing sieciowy szansa XXI wieku \u2013<br \/>\nfakty i kluczowe argumenty.<\/p>\n<p>12.30 \u2013 13. 30 \u2013 Coral Club \u2013 czym si\u0119 wyr\u00f3\u017cniamy. Jak dzia\u0142amy<br \/>\ni jak przekszta\u0142camy marzenia w cele.<\/p>\n<p>13.30 \u2013 14.30 \u2013 Przerwa na lunch.<\/p>\n<p>14.30 \u2013 15.15 \u2013 Jak rozpozna\u0107 potrzeby i pokaza\u0107 mo\u017cliwo\u015bci?<\/p>\n<p>15.15 \u2013 16.00 \u2013 Jak skutecznie zaprosi\u0107 na spotkanie?<\/p>\n<p>16.00 \u2013 16.45 \u2013 Jak poprowadzi\u0107 konkretne spotkanie biznesowe?<\/p>\n<p>16.45 \u2013 17.30 \u2013 Wsparcie nowego klubowicza i wdro\u017cenie nowego<br \/>\npartnera.<\/p>\n<p>17.30 \u2013 17.50 \u2013 Historia mistrzowskiej transformacji.<\/p>\n<p>17.50 &#8211; 18.00 &#8211; Zako\u0144czenie.<\/p>\n<h4>Dla kogo?<\/h4>\n<p>Dla wszystkich, kt\u00f3rzy ceni\u0105 zdrowy styl \u017cycia i chc\u0105 aktywnie tworzy\u0107 swoj\u0105 przysz\u0142o\u015b\u0107.<\/p>\n<h4>Kiedy ?<\/h4>\n<p>17 czerwiec 2023 g. 10 -18<\/p>\n<h4>Gdzie?<\/h4>\n<p>Hotel Ilonn<\/p>\n<p>Inwestycja: 150z\u0142 obejmuje seminarium, przerw\u0119 kawow\u0105 i lunch.<\/p>\n<p>Konsultacja i zapisy:<br \/>\nMa\u0142gorzata Ba\u0142\u0119czna &#8211; Nowacka &#8211; tel. 530822 256<\/p>\n<p>Zakup poprzez sklep: <a href=\"http:\/\/warsztatywitalne.pl\/\" target=\"_blank\" rel=\"noopener\" data-saferedirecturl=\"https:\/\/www.google.com\/url?q=http:\/\/warsztatywitalne.pl&amp;source=gmail&amp;ust=1684527992451000&amp;usg=AOvVaw39yBXuLzSYx8Ly5Ofmkik4\">warsztatywitalne.pl<\/a><br \/>\nlub przelew na konto:<br \/>\nAccess Flow Sp. z o.o.<br \/>\n24 1870 1054 2078 1066 8824 0001<br \/>\nw tytule imi\u0119 i nazwisko uczestnika.<\/p>\n<p>Potwierdzeniem udzia\u0142u jest zaksi\u0119gowana wp\u0142ata na konto.<\/p>\n","protected":false},"excerpt":{"rendered":"<p>Biznes i zdrowie 360. Odkryj tajemnice sukcesu w bran\u017cy zdrowia i urody. 9. 30 \u2013 10.00 \u00a0\u2013 \u00a0Rejestracja i powitanie Uczestnik\u00f3w. 10.00 \u2013 10.45 \u2013 4 Kroki do Zdrowia \u2013 skuteczna strategia na dobre samopoczucie i energi\u0119. 10. 45 \u2013 11.30 \u2013 Nawodnienie kluczem do zdrowia. Rezultaty i osobiste historie zastosowania systemu, kt\u00f3ry uczy jak [&hellip;]<\/p>\n","protected":false},"featured_media":5555,"comment_status":"open","ping_status":"closed","template":"","meta":[],"product_brand":[],"product_cat":[23],"product_tag":[],"class_list":{"0":"post-5554","1":"product","2":"type-product","3":"status-publish","4":"has-post-thumbnail","6":"product_cat-uncategorized","8":"first","9":"outofstock","10":"virtual","11":"purchasable","12":"product-type-simple"},"jetpack_sharing_enabled":true,"_links":{"self":[{"href":"https:\/\/warsztatywitalne.pl\/index.php\/wp-json\/wp\/v2\/product\/5554","targetHints":{"allow":["GET"]}}],"collection":[{"href":"https:\/\/warsztatywitalne.pl\/index.php\/wp-json\/wp\/v2\/product"}],"about":[{"href":"https:\/\/warsztatywitalne.pl\/index.php\/wp-json\/wp\/v2\/types\/product"}],"replies":[{"embeddable":true,"href":"https:\/\/warsztatywitalne.pl\/index.php\/wp-json\/wp\/v2\/comments?post=5554"}],"wp:featuredmedia":[{"embeddable":true,"href":"https:\/\/warsztatywitalne.pl\/index.php\/wp-json\/wp\/v2\/media\/5555"}],"wp:attachment":[{"href":"https:\/\/warsztatywitalne.pl\/index.php\/wp-json\/wp\/v2\/media?parent=5554"}],"wp:term":[{"taxonomy":"product_brand","embeddable":true,"href":"https:\/\/warsztatywitalne.pl\/index.php\/wp-json\/wp\/v2\/product_brand?post=5554"},{"taxonomy":"product_cat","embeddable":true,"href":"https:\/\/warsztatywitalne.pl\/index.php\/wp-json\/wp\/v2\/product_cat?post=5554"},{"taxonomy":"product_tag","embeddable":true,"href":"https:\/\/warsztatywitalne.pl\/index.php\/wp-json\/wp\/v2\/product_tag?post=5554"}],"curies":[{"name":"wp","href":"https:\/\/api.w.org\/{rel}","templated":true}]}}